{"id":5259,"date":"2025-04-01T12:33:35","date_gmt":"2025-04-01T10:33:35","guid":{"rendered":"https:\/\/iesomendavia.educacion.navarra.es\/web1\/?page_id=5259"},"modified":"2025-04-01T12:57:07","modified_gmt":"2025-04-01T10:57:07","slug":"skolae","status":"publish","type":"page","link":"https:\/\/iesomendavia.educacion.navarra.es\/web1\/skolae\/","title":{"rendered":"SKOLAE"},"content":{"rendered":"\n<div class=\"wp-block-image\"><figure class=\"alignright size-full is-resized\"><img loading=\"lazy\" src=\"https:\/\/iesomendavia.educacion.navarra.es\/web1\/wp-content\/uploads\/2025\/04\/SKOLAE_Logo_Color-2.png\" alt=\"\" class=\"wp-image-5260\" width=\"317\" height=\"187\" srcset=\"https:\/\/iesomendavia.educacion.navarra.es\/web1\/wp-content\/uploads\/2025\/04\/SKOLAE_Logo_Color-2.png 500w, https:\/\/iesomendavia.educacion.navarra.es\/web1\/wp-content\/uploads\/2025\/04\/SKOLAE_Logo_Color-2-300x178.png 300w\" sizes=\"(max-width: 317px) 100vw, 317px\" \/><\/figure><\/div>\n\n\n\n<p>El Plan de Identidad Coeducadora (PIC) es un documento que refleja las decisiones que se toman en un centro sobre c\u00f3mo desarrollar los objetivos que establece la normativa en materia de igualdad; es decir, sobre qu\u00e9 hacer para que el centro sea coeducativo. Es un documento que ha de servir para&nbsp; mejorar la gesti\u00f3n del centro y del aula desde este punto de vista.<\/p>\n\n\n\n<p><a href=\"https:\/\/drive.google.com\/file\/d\/1O0n6EmDSxoga2kJylFXOHqeJ_AOikF_S\/view?pli=1\" target=\"_blank\" rel=\"noreferrer noopener\">Objetivos coed<\/a><a href=\"https:\/\/drive.google.com\/file\/d\/1O0n6EmDSxoga2kJylFXOHqeJ_AOikF_S\/view?pli=1\">ucativ<\/a><a href=\"https:\/\/drive.google.com\/file\/d\/1O0n6EmDSxoga2kJylFXOHqeJ_AOikF_S\/view?pli=1\" target=\"_blank\" rel=\"noreferrer noopener\">os<\/a><\/p>\n","protected":false},"excerpt":{"rendered":"<p>El Plan de Identidad Coeducadora (PIC) es un documento que refleja las decisiones que se toman en un centro sobre c\u00f3mo desarrollar los objetivos que establece la normativa en materia de igualdad; es decir, sobre qu\u00e9 hacer para que el centro sea coeducativo. Es un documento que ha de servir para&nbsp; mejorar la gesti\u00f3n del [&hellip;]<\/p>\n","protected":false},"author":1,"featured_media":0,"parent":0,"menu_order":0,"comment_status":"closed","ping_status":"closed","template":"","meta":{"_genesis_hide_title":false,"_genesis_hide_breadcrumbs":false,"_genesis_hide_singular_image":false,"_genesis_hide_footer_widgets":false,"_genesis_custom_body_class":"","_genesis_custom_post_class":"","_genesis_layout":""},"_links":{"self":[{"href":"https:\/\/iesomendavia.educacion.navarra.es\/web1\/wp-json\/wp\/v2\/pages\/5259"}],"collection":[{"href":"https:\/\/iesomendavia.educacion.navarra.es\/web1\/wp-json\/wp\/v2\/pages"}],"about":[{"href":"https:\/\/iesomendavia.educacion.navarra.es\/web1\/wp-json\/wp\/v2\/types\/page"}],"author":[{"embeddable":true,"href":"https:\/\/iesomendavia.educacion.navarra.es\/web1\/wp-json\/wp\/v2\/users\/1"}],"replies":[{"embeddable":true,"href":"https:\/\/iesomendavia.educacion.navarra.es\/web1\/wp-json\/wp\/v2\/comments?post=5259"}],"version-history":[{"count":4,"href":"https:\/\/iesomendavia.educacion.navarra.es\/web1\/wp-json\/wp\/v2\/pages\/5259\/revisions"}],"predecessor-version":[{"id":5266,"href":"https:\/\/iesomendavia.educacion.navarra.es\/web1\/wp-json\/wp\/v2\/pages\/5259\/revisions\/5266"}],"wp:attachment":[{"href":"https:\/\/iesomendavia.educacion.navarra.es\/web1\/wp-json\/wp\/v2\/media?parent=5259"}],"curies":[{"name":"wp","href":"https:\/\/api.w.org\/{rel}","templated":true}]}}