{"id":3201,"date":"2019-11-05T11:37:00","date_gmt":"2019-11-05T10:37:00","guid":{"rendered":"https:\/\/iesomendavia.educacion.navarra.es\/web1\/?page_id=3201"},"modified":"2025-08-26T08:55:42","modified_gmt":"2025-08-26T06:55:42","slug":"asignaturas-y-resumenes-de-programacion-de-1oeso","status":"publish","type":"page","link":"https:\/\/iesomendavia.educacion.navarra.es\/web1\/asignaturas-y-resumenes-de-programacion-de-1oeso\/","title":{"rendered":"Asignaturas y res\u00famenes de programaci\u00f3n de 1\u00baESO"},"content":{"rendered":"\n<p>Haciendo clic en el nombre de la asignatura tendr\u00e1s acceso al resumen de la programaci\u00f3n de la misma.<\/p>\n\n\n\n<figure class=\"wp-block-table\"><table><tbody><tr><td><a href=\"https:\/\/docs.google.com\/spreadsheets\/d\/1a0_29xl6ESHp0ebc54ylP_9bVZLoRgg09f7G1hWeYHk\/edit?gid=177781349#gid=177781349\" target=\"_blank\" rel=\"noreferrer noopener\">Biolog\u00eda y Geolog\u00eda<\/a><\/td><\/tr><tr><td><a href=\"https:\/\/docs.google.com\/spreadsheets\/d\/1v6RF6YNfYunsiBtagFCs5rm4w3-AecSuiq7itpM7Ro8\/edit#gid=1547625167\">DC Ta<\/a><a rel=\"noreferrer noopener\" href=\"https:\/\/docs.google.com\/spreadsheets\/d\/1v6RF6YNfYunsiBtagFCs5rm4w3-AecSuiq7itpM7Ro8\/edit#gid=1547625167\" target=\"_blank\">l<\/a><a href=\"https:\/\/docs.google.com\/spreadsheets\/d\/1v6RF6YNfYunsiBtagFCs5rm4w3-AecSuiq7itpM7Ro8\/edit#gid=1547625167\" target=\"_blank\" rel=\"noreferrer noopener\">ler de inventos<\/a><\/td><\/tr><tr><td><a href=\"https:\/\/docs.google.com\/spreadsheets\/d\/e\/2PACX-1vRK0X6Sh8pqbfhKFl9N_UM9RB8TWVGmqB9A347shDl9pglE2Sf4k1HymMRw0F0vmiOcgrVPL0j8eGKW\/pubhtml?gid=0&amp;single=true\" target=\"_blank\" rel=\"noreferrer noopener\">Educaci\u00f3n F\u00edsica<\/a><\/td><\/tr><tr><td><a href=\"https:\/\/docs.google.com\/spreadsheets\/d\/e\/2PACX-1vTkuDQOIMxJ8fnR1MdwanHgqHwA_feeqg3Zgr_ZLbTptk3VodDOBhjrXTFceak8FLqhvZm4CA7l0-hw\/pubhtml?gid=979934106&amp;single=true\" target=\"_blank\" rel=\"noreferrer noopener\">Geograf\u00eda e Historia<\/a><\/td><\/tr><tr><td><\/td><\/tr><tr><td><a href=\"https:\/\/docs.google.com\/spreadsheets\/d\/1NRPfOm_03Xk7S-IF_o5LAA4-dGBXz_LQJB0WNN1C7W4\/edit?usp=drive_link\" target=\"_blank\" rel=\"noreferrer noopener\">Lengua Castellana y Literatura<\/a><\/td><\/tr><tr><td><a href=\"https:\/\/docs.google.com\/spreadsheets\/d\/10xGV2djbLoKIsUdzNMlYhmHMpObnwbf4HJMG8eoMziU\/edit?gid=1468776715#gid=1468776715\" target=\"_blank\" rel=\"noreferrer noopener\">Lengua Vasca y Literatura<\/a><\/td><\/tr><tr><td><a href=\"https:\/\/docs.google.com\/spreadsheets\/d\/1Tatg4ez6MWGxOgP4RmlB8qcgctUUW6CalVYzC52LhzU\/edit?usp=sharing\" target=\"_blank\" rel=\"noreferrer noopener\">Matem\u00e1ticas<\/a><\/td><\/tr><tr><td><a href=\"https:\/\/docs.google.com\/spreadsheets\/d\/e\/2PACX-1vTUXwnsjHRWhEtb_2RRkryvxojIVBotT27t_QulWmnl1LiZlwFckpBk36H8KrtYM28LxDGeM41wnjyZ\/pubhtml?gid=0&amp;single=true\" target=\"_blank\" rel=\"noreferrer noopener\">M\u00fasica<\/a><\/td><\/tr><tr><td><a href=\"https:\/\/docs.google.com\/spreadsheets\/d\/e\/2PACX-1vQSHNQN5S91i7NXbQjTB1w3HYLL7YpKDGzPYfCdzqWLk1geVyQ7xC7mfMoTz6k7jM-alnpoUfn53d-W\/pubhtml?gid=0&amp;single=true\" target=\"_blank\" rel=\"noreferrer noopener\">Primera Lengua Extranjera ingl\u00e9s<\/a>&nbsp;<\/td><\/tr><tr><td><a href=\"https:\/\/docs.google.com\/spreadsheets\/d\/e\/2PACX-1vQ-OhzwWvh4mRhHUAjgR2v1Lxnw77H2BTZ1P37zpLf46p5EVrRRohySwWnzxXJdumQpH6CwHzr4fEo-\/pubhtml?gid=195684496&amp;single=true\" target=\"_blank\" rel=\"noreferrer noopener\">Religi\u00f3n<\/a><\/td><\/tr><tr><td><a href=\"https:\/\/docs.google.com\/spreadsheets\/d\/e\/2PACX-1vT4miecB5ZCCFvTkuqp5RltebMbpUgac5We9Kj3tgFjQm7vkJyX-E32FYf2bj4EtP9Y-WmpGhet2anA\/pubhtml?gid=0&amp;single=true\" target=\"_blank\" rel=\"noreferrer noopener\">Segunda Lengua Extranjera Franc\u00e9s<\/a><\/td><\/tr><tr><td><a href=\"https:\/\/docs.google.com\/spreadsheets\/d\/1HT6j_awIstehmRdpl7GFsAmpuMAoTRcSqrp45PtFIhs\/edit#gid=0\" target=\"_blank\" rel=\"noreferrer noopener\">Tecnolog\u00eda y digitalizaci\u00f3n<\/a><\/td><\/tr><tr><td><a rel=\"noreferrer noopener\" href=\"https:\/\/docs.google.com\/spreadsheets\/d\/e\/2PACX-1vRWecdzrON7jyxqZQTVcbex25UytCIGA1YpENmXkkzzY2cNfhCaHa3pO6y_wmfwPnW88THyZs3PljJP\/pubhtml?gid=0&amp;single=true\" target=\"_blank\">Educaci\u00f3n en valores c\u00edvicos y \u00e9ticos<\/a><\/td><\/tr><\/tbody><\/table><\/figure>\n\n\n\n<p><\/p>\n","protected":false},"excerpt":{"rendered":"<p>Haciendo clic en el nombre de la asignatura tendr\u00e1s acceso al resumen de la programaci\u00f3n de la misma. Biolog\u00eda y Geolog\u00eda DC Taller de inventos Educaci\u00f3n F\u00edsica Geograf\u00eda e Historia Lengua Castellana y Literatura Lengua Vasca y Literatura Matem\u00e1ticas M\u00fasica Primera Lengua Extranjera ingl\u00e9s&nbsp; Religi\u00f3n Segunda Lengua Extranjera Franc\u00e9s Tecnolog\u00eda y digitalizaci\u00f3n Educaci\u00f3n en valores [&hellip;]<\/p>\n","protected":false},"author":1,"featured_media":0,"parent":0,"menu_order":0,"comment_status":"closed","ping_status":"closed","template":"","meta":{"_genesis_hide_title":false,"_genesis_hide_breadcrumbs":false,"_genesis_hide_singular_image":false,"_genesis_hide_footer_widgets":false,"_genesis_custom_body_class":"","_genesis_custom_post_class":"","_genesis_layout":""},"_links":{"self":[{"href":"https:\/\/iesomendavia.educacion.navarra.es\/web1\/wp-json\/wp\/v2\/pages\/3201"}],"collection":[{"href":"https:\/\/iesomendavia.educacion.navarra.es\/web1\/wp-json\/wp\/v2\/pages"}],"about":[{"href":"https:\/\/iesomendavia.educacion.navarra.es\/web1\/wp-json\/wp\/v2\/types\/page"}],"author":[{"embeddable":true,"href":"https:\/\/iesomendavia.educacion.navarra.es\/web1\/wp-json\/wp\/v2\/users\/1"}],"replies":[{"embeddable":true,"href":"https:\/\/iesomendavia.educacion.navarra.es\/web1\/wp-json\/wp\/v2\/comments?post=3201"}],"version-history":[{"count":38,"href":"https:\/\/iesomendavia.educacion.navarra.es\/web1\/wp-json\/wp\/v2\/pages\/3201\/revisions"}],"predecessor-version":[{"id":5339,"href":"https:\/\/iesomendavia.educacion.navarra.es\/web1\/wp-json\/wp\/v2\/pages\/3201\/revisions\/5339"}],"wp:attachment":[{"href":"https:\/\/iesomendavia.educacion.navarra.es\/web1\/wp-json\/wp\/v2\/media?parent=3201"}],"curies":[{"name":"wp","href":"https:\/\/api.w.org\/{rel}","templated":true}]}}